hat is the remainder when 774 is divided by 31?
30
Calculate the remainder when 2507 is divided by 16.
11
Calculate the remainder when 22 is divided by 10.
2
Calculate the remainder when 73 is divided by 26.
21
Calculate the remainder when 922 is divided by 22.
20
Calculate the remainder when 80 is divided by 13.
2
What is the remainder when 173 is divided by 59?
55
What is the remainder when 196 is divided by 42?
28
Calculate the remainder when 1169 is divided by 350.
119
What is the remainder when 40 is divided by 18?
4
Calculate the remainder when 171 is divided by 165.
6
Calculate the remainder when 425 is divided by 51.
17
What is the remainder when 305 is divided by 28?
25
What is the remainder when 12 is divided by 2?
0
Calculate the remainder when 97 is divided by 8.
1
Calculate the remainder when 262 is divided by 83.
13
What is the remainder when 1102 is divided by 21?
10
What is the remainder when 2179 is divided by 14?
9
Calculate the remainder when 377 is divided by 190.
187
Calculate the remainder when 39 is divided by 23.
16
Calculate the remainder when 199 is divided by 57.
28
What is the remainder when 496 is divided by 50?
46
What is the remainder when 7459 is divided by 14?
11
Calculate the remainder when 189 is divided by 76.
37
Calculate the remainder when 78 is divided by 10.
8
Calculate the remainder when 7654 is divided by 24.
22
What is the remainder when 3040 is divided by 32?
0
Calculate the remainder when 22 is divided by 6.
4
What is the remainder when 687 is divided by 69?
66
What is the remainder when 260 is divided by 52?
0
What is the remainder when 198 is divided by 20?
18
What is the remainder when 176 is divided by 36?
32
What is the remainder when 297 is divided by 88?
33
Calculate the remainder when 5143 is divided by 52.
47
What is the remainder when 259 is divided by 119?
21
What is the remainder when 480 is divided by 23?
20
What is the remainder when 1077 is divided by 34?
23
Calculate the remainder when 81 is divided by 14.
11
Calculate the remainder when 1396 is divided by 99.
10
What is the remainder when 85 is divided by 13?
7
Calculate the remainder when 3704 is divided by 19.
18
What is the remainder when 18541 is divided by 32?
13
Calculate the remainder when 102 is divided by 17.
0
What is the remainder when 68 is divided by 4?
0
Calculate the remainder when 7083 is divided by 22.
21
What is the remainder when 240 is divided by 115?
10
What is the remainder when 271 is divided by 37?
12
Calculate the remainder when 5334 is divided by 27.
15
Calculate the remainder when 84 is divided by 33.
18
What is the remainder when 453 is divided by 24?
21
What is the remainder when 56 is divided by 43?
13
Calculate the remainder when 271 is divided by 20.
11
Calculate the remainder when 2768 is divided by 13.
12
Calculate the remainder when 1235 is divided by 245.
10
What is the remainder when 3441 is divided by 246?
243
Calculate the remainder when 1023 is divided by 79.
75
Calculate the remainder when 107 is divided by 17.
5
What is the remainder when 294 is divided by 75?
69
What is the remainder when 22 is divided by 3?
1
Calculate the remainder when 2049 is divided by 76.
73
What is the remainder when 62 is divided by 59?
3
What is the remainder when 988 is divided by 121?
20
What is the remainder when 263 is divided by 5?
3
Calculate the remainder when 468 is divided by 166.
136
What is the remainder when 168 is divided by 27?
6
Calculate the remainder when 38 is divided by 20.
18
What is the remainder when 1089 is divided by 21?
18
Calculate the remainder when 59 is divided by 33.
26
What is the remainder when 69 is divided by 20?
9
Calculate the remainder when 137 is divided by 69.
68
What is the remainder when 63 is divided by 22?
19
What is the remainder when 634 is divided by 46?
36
What is the remainder when 33 is divided by 24?
9
Calculate the remainder when 63 is divided by 35.
28
What is the remainder when 100 is divided by 89?
11
Calculate the remainder when 142 is divided by 8.
6
Calculate the remainder when 317 is divided by 81.
74
What is the remainder when 965 is divided by 310?
35
What is the remainder when 326 is divided by 162?
2
What is the remainder when 211 is divided by 55?
46
What is the remainder when 171 is divided by 90?
81
Calculate the remainder when 3195 is divided by 17.
16
What is the remainder when 1218 is divided by 67?
12
What is the remainder when 5387 is divided by 10?
7
What is the remainder when 6836 is divided by 66?
38
What is the remainder when 1091 is divided by 185?
166
Calculate the remainder when 190 is divided by 75.
40
Calculate the remainder when 591 is divided by 22.
19
Calculate the remainder when 1180 is divided by 7.
4
Calculate the remainder when 30 is divided by 13.
4
Calculate the remainder when 198 is divided by 63.
9
What is the remainder when 140 is divided by 11?
8
What is the remainder when 2334 is divided by 46?
34
Calculate the remainder when 201 is divided by 158.
43
What is the remainder when 553 is divided by 259?
35
What is the remainder when 45 is divided by 4?
1
Calculate the remainder when 528 is divided by 34.
18
What is the remainder when 5589 is divided by 26?
25
What is the remainder when 39 is divided by 24?
15
What is the remainder when 603 is divided by 230?
143
Calculate the remainder when 333 is divided by 67.
65
Calculate the remainder when 123 is divided by 38.
9
What is the remainder when 180 is divided by 39?
24
Calculate the remainder when 36622 is divided by 48.
46
What is the remainder when 1270 is divided by 61?
50
Calculate the remainder when 502 is divided by 63.
61
What is the remainder when 229 is divided by 40?
29
Calculate the remainder when 499 is divided by 5.
4
What is the remainder when 244 is divided by 6?
4
What is the remainder when 233 is divided by 26?
25
What is the remainder when 336 is divided by 5?
1
Calculate the remainder when 75 is divided by 11.
9
Calculate the remainder when 630 is divided by 129.
114
What is the remainder when 213 is divided by 1?
0
What is the remainder when 477 is divided by 80?
77
What is the remainder when 235 is divided by 116?
3
What is the remainder when 247 is divided by 21?
16
What is the remainder when 324 is divided by 304?
20
Calculate the remainder when 15 is divided by 13.
2
Calculate the remainder when 1859 is divided by 46.
19
What is the remainder when 1884 is divided by 23?
21
Calculate the remainder when 159 is divided by 60.
39
Calculate the remainder when 114 is divided by 8.
2
What is the remainder when 679 is divided by 62?
59
What is the remainder when 101 is divided by 35?
31
What is the remainder when 1116 is divided by 222?
6
Calculate the remainder when 598 is divided by 154.
136
What is the remainder when 371 is divided by 111?
38
What is the remainder when 705 is divided by 413?
292
Calculate the remainder when 61 is divided by 43.
18
Calculate the remainder when 1271 is divided by 117.
101
What is the remainder when 57 is divided by 31?
26
Calculate the remainder when 1845 is divided by 132.
129
What is the remainder when 1053 is divided by 31?
30
Calculate the remainder when 556 is divided by 40.
36
What is the remainder when 147 is divided by 21?
0
What is the remainder when 798 is divided by 80?
78
What is the remainder when 538 is divided by 8?
2
What is the remainder when 7293 is divided by 48?
45
Calculate the remainder when 311 is divided by 140.
31
Calculate the remainder when 60 is divided by 7.
4
What is the remainder when 265 is divided by 7?
6
Calculate the remainder when 110 is divided by 51.
8
What is the remainder when 286 is divided by 32?
30
Calculate the remainder when 77 is divided by 16.
13
What is the remainder when 1122 is divided by 3?
0
What is the remainder when 6 is divided by 3?
0
Calculate the remainder when 98 is divided by 35.
28
What is the remainder when 18699 is divided by 220?
219
Calculate the remainder when 140 is divided by 26.
10
What is the remainder when 39 is divided by 10?
9
Calculate the remainder when 2238 is divided by 64.
62
What is the remainder when 123 is divided by 32?
27
Calculate the remainder when 12 is divided by 3.
0
What is the remainder when 407 is divided by 17?
16
Calculate the rema